mon factor of 12 and 1572.
12
Calculate the highest common divisor of 756 and 672.
84
Calculate the highest common factor of 18 and 144.
18
What is the greatest common divisor of 34 and 1088?
34
Calculate the highest common factor of 1225 and 225.
25
Calculate the highest common factor of 104 and 96.
8
What is the highest common factor of 781 and 639?
71
What is the greatest common divisor of 119 and 3171?
7
What is the greatest common factor of 204 and 2376?
12
Calculate the greatest common factor of 299 and 13.
13
What is the highest common factor of 8 and 6?
2
Calculate the greatest common factor of 213 and 7668.
213
What is the highest common divisor of 38 and 2?
2
What is the highest common factor of 3100 and 100?
100
What is the highest common divisor of 3640 and 120?
40
What is the highest common factor of 1320 and 3480?
120
What is the greatest common factor of 16 and 960?
16
What is the greatest common divisor of 130 and 52?
26
Calculate the greatest common factor of 39 and 1391.
13
What is the highest common divisor of 59 and 48321?
59
What is the greatest common divisor of 10188 and 96?
12
Calculate the greatest common factor of 66 and 253.
11
What is the highest common factor of 17 and 493?
17
Calculate the highest common divisor of 36 and 8.
4
What is the greatest common divisor of 140 and 84?
28
What is the greatest common divisor of 9 and 144?
9
Calculate the highest common divisor of 258 and 15738.
258
What is the greatest common divisor of 60 and 620?
20
What is the greatest common divisor of 623 and 1513?
89
Calculate the highest common factor of 456 and 399.
57
What is the greatest common divisor of 19 and 1501?
19
What is the highest common factor of 48 and 1440?
48
Calculate the greatest common divisor of 564 and 16.
4
What is the highest common divisor of 192 and 3200?
64
What is the greatest common divisor of 920 and 40?
40
What is the highest common divisor of 126 and 273?
21
What is the highest common divisor of 366 and 66?
6
What is the highest common divisor of 96 and 240?
48
Calculate the greatest common factor of 135 and 30.
15
What is the greatest common divisor of 2343 and 22?
11
What is the greatest common divisor of 183 and 6?
3
Calculate the highest common factor of 7686 and 378.
126
Calculate the highest common divisor of 7672 and 56.
56
Calculate the greatest common factor of 869 and 79.
79
Calculate the greatest common factor of 112 and 3192.
56
Calculate the greatest common divisor of 51 and 221.
17
Calculate the greatest common divisor of 152 and 38.
38
Calculate the highest common divisor of 16 and 5072.
16
Calculate the greatest common divisor of 105 and 3.
3
Calculate the greatest common divisor of 5694 and 130.
26
Calculate the greatest common divisor of 3680 and 1440.
160
Calculate the highest common factor of 430 and 1770.
10
What is the greatest common divisor of 58 and 1102?
58
What is the highest common divisor of 5632 and 320?
64
Calculate the highest common factor of 4 and 22.
2
Calculate the greatest common divisor of 2338 and 406.
14
Calculate the highest common factor of 60 and 570.
30
What is the greatest common factor of 33 and 2937?
33
Calculate the highest common divisor of 356 and 72.
4
What is the highest common factor of 2925 and 27?
9
Calculate the greatest common divisor of 12 and 489.
3
Calculate the highest common divisor of 120 and 96.
24
Calculate the greatest common divisor of 180 and 864.
36
Calculate the greatest common divisor of 175 and 9925.
25
Calculate the highest common factor of 2552 and 87.
29
What is the greatest common divisor of 8021 and 13?
13
Calculate the greatest common factor of 14 and 378.
14
Calculate the highest common factor of 652 and 4.
4
What is the greatest common factor of 198 and 64?
2
What is the highest common divisor of 52 and 676?
52
What is the highest common divisor of 84 and 4728?
12
Calculate the greatest common divisor of 13 and 1144.
13
What is the highest common factor of 1936 and 77?
11
What is the highest common divisor of 7 and 17?
1
Calculate the greatest common divisor of 6 and 4614.
6
Calculate the highest common divisor of 117 and 9.
9
What is the highest common divisor of 544 and 24?
8
Calculate the highest common factor of 16 and 4.
4
What is the greatest common factor of 247 and 13?
13
Calculate the highest common divisor of 54 and 2.
2
Calculate the highest common factor of 7888 and 102.
34
Calculate the highest common divisor of 70 and 70.
70
What is the highest common factor of 45072 and 144?
144
Calculate the greatest common factor of 36 and 18.
18
Calculate the greatest common divisor of 9 and 1521.
9
Calculate the greatest common factor of 1155 and 70.
35
Calculate the greatest common divisor of 3232 and 1717.
101
Calculate the greatest common factor of 39 and 240.
3
What is the highest common factor of 187 and 68?
17
What is the greatest common divisor of 638 and 841?
29
What is the highest common divisor of 9 and 1?
1
What is the greatest common factor of 752 and 1363?
47
Calculate the greatest common factor of 92 and 43838.
46
What is the greatest common factor of 14 and 1407?
7
Calculate the greatest common divisor of 3108 and 37.
37
What is the greatest common factor of 286 and 689?
13
What is the highest common divisor of 490 and 595?
35
Calculate the greatest common factor of 5388 and 24.
12
What is the highest common factor of 7 and 1?
1
What is the greatest common divisor of 3 and 18?
3
Calculate the highest common divisor of 134 and 16.
2
Calculate the highest common factor of 445 and 178.
89
Calculate the greatest common factor of 104 and 78.
26
Calculate the greatest common divisor of 7124 and 364.
52
Calculate the greatest common factor of 2003 and 1.
1
What is the greatest common divisor of 5 and 65?
5
Calculate the greatest common factor of 13 and 4849.
13
Calculate the greatest common factor of 1 and 179.
1
Calculate the highest common divisor of 228 and 76.
76
Calculate the highest common divisor of 2093 and 23.
23
What is the highest common divisor of 86 and 2?
2
What is the greatest common divisor of 17272 and 381?
127
Calculate the highest common divisor of 344 and 43.
43
Calculate the highest common factor of 180 and 4095.
45
Calculate the highest common divisor of 110 and 5632.
22
What is the highest common factor of 4425 and 825?
75
What is the greatest common divisor of 252 and 140?
28
What is the highest common divisor of 15 and 85?
5
Calculate the highest common factor of 50 and 70.
10
What is the highest common factor of 600 and 132?
12
Calculate the highest common divisor of 113 and 3842.
113
What is the greatest common divisor of 40 and 5760?
40
Calculate the highest common divisor of 81 and 63.
9
What is the highest common divisor of 460 and 414?
46
Calculate the highest common factor of 481 and 13.
13
Calculate the highest common divisor of 602 and 28.
14
What is the highest common divisor of 1 and 269?
1
Calculate the highest common factor of 608 and 400.
16
Calculate the greatest common divisor of 206 and 16789.
103
What is the highest common factor of 475 and 5400?
25
What is the highest common divisor of 345 and 23?
23
Calculate the greatest common factor of 1265 and 385.
55
What is the highest common divisor of 840 and 132?
12
Calculate the greatest common factor of 486 and 18.
18
Calculate the highest common factor of 1545 and 60.
15
Calculate the highest common factor of 55 and 11.
11
Calculate the greatest common factor of 2 and 146.
2
What is the highest common factor of 324 and 6966?
162
What is the highest common divisor of 147 and 1869?
21
What is the greatest common divisor of 12 and 123?
3
What is the greatest common factor of 10 and 10?
10
What is the highest common factor of 312 and 52?
52
Calculate the greatest common divisor of 4978 and 38.
38
What is the highest common divisor of 98 and 112?
14
What is the greatest common divisor of 210 and 168?
42
What is the greatest common divisor of 247 and 13?
13
Calculate the highest common divisor of 120 and 330.
30
Calculate the greatest common factor of 2009 and 164.
41
What is the greatest common factor of 520 and 65?
65
Calculate the highest common divisor of 39 and 793.
13
Calculate the greatest common divisor of 13 and 1.
1